de 997?
False
Does 19 divide 1600?
False
Is 23 a factor of 1322?
False
Does 13 divide 65?
True
Is 20 a factor of 40137?
False
Does 60 divide 2817?
False
Does 35 divide 1651?
False
Is 14 a factor of 23730?
True
Is 125 a multiple of 25?
True
Is 494 a multiple of 21?
False
Does 16 divide 272?
True
Is 19 a factor of 114?
True
Does 20 divide 100?
True
Does 38 divide 2926?
True
Is 16 a factor of 3904?
True
Is 12424 a multiple of 66?
False
Does 4 divide 491?
False
Is 45 a factor of 585?
True
Is 21 a factor of 1722?
True
Is 4344 a multiple of 42?
False
Is 30 a factor of 421?
False
Is 14 a factor of 36827?
False
Does 35 divide 29075?
False
Does 85 divide 166770?
True
Is 27 a factor of 73868?
False
Is 4246 a multiple of 19?
False
Does 10 divide 78250?
True
Is 74621 a multiple of 39?
False
Is 203 a multiple of 7?
True
Is 477 a multiple of 3?
True
Is 726 a multiple of 33?
True
Is 20498 a multiple of 37?
True
Does 11 divide 14157?
True
Does 42 divide 9994?
False
Is 10 a factor of 2040?
True
Is 21407 a multiple of 18?
False
Is 7 a factor of 1120?
True
Does 20 divide 8485?
False
Is 82 a factor of 12382?
True
Is 153 a factor of 3380?
False
Is 48 a multiple of 15?
False
Does 79 divide 5214?
True
Is 52 a factor of 353?
False
Is 339 a multiple of 21?
False
Does 49 divide 73892?
True
Does 6 divide 690?
True
Is 16688 a multiple of 16?
True
Does 7 divide 2187?
False
Does 37 divide 7943?
False
Does 102 divide 5231?
False
Is 64491 a multiple of 37?
True
Is 7 a factor of 2892?
False
Is 23690 a multiple of 81?
False
Does 20 divide 17260?
True
Is 8023 a multiple of 21?
False
Is 11 a factor of 7920?
True
Does 13 divide 15335?
False
Is 185 a multiple of 11?
False
Is 19 a factor of 31141?
True
Is 41 a factor of 1443?
False
Is 13 a factor of 6812?
True
Is 6961 a multiple of 15?
False
Does 11 divide 1430?
True
Is 5 a factor of 1615?
True
Is 1770 a multiple of 41?
False
Is 799 a multiple of 60?
False
Does 13 divide 37257?
False
Is 476 a multiple of 23?
False
Does 10 divide 104?
False
Is 792 a multiple of 44?
True
Does 33 divide 4059?
True
Is 36 a factor of 900?
True
Is 4104 a multiple of 9?
True
Is 35 a factor of 1190?
True
Is 7 a factor of 214?
False
Does 25 divide 425?
True
Is 191 a multiple of 3?
False
Does 6 divide 127?
False
Is 24 a factor of 1198?
False
Does 19 divide 1330?
True
Is 2238 a multiple of 23?
False
Does 83 divide 2161?
False
Is 9783 a multiple of 31?
False
Is 19359 a multiple of 203?
False
Does 19 divide 958?
False
Does 6 divide 246?
True
Is 234 a multiple of 26?
True
Is 585 a multiple of 39?
True
Does 20 divide 660?
True
Is 36 a factor of 684?
True
Does 87 divide 81896?
False
Is 13 a factor of 747?
False
Is 720 a multiple of 5?
True
Is 9 a factor of 1530?
True
Is 1525 a multiple of 11?
False
Is 8 a factor of 92?
False
Is 23370 a multiple of 30?
True
Is 27128 a multiple of 64?
False
Is 3638 a multiple of 6?
False
Does 7 divide 1151?
False
Does 69 divide 27879?
False
Is 38 even?
True
Does 119 divide 1190?
True
Does 5 divide 1607?
False
Does 32 divide 1984?
True
Is 11 a factor of 748?
True
Does 30 divide 1760?
False
Is 1021 a multiple of 60?
False
Is 10 a factor of 25809?
False
Does 11 divide 561?
True
Is 7 a factor of 3640?
True
Does 9 divide 593?
False
Is 426 a multiple of 6?
True
Is 49 a factor of 27734?
True
Is 34 a factor of 7582?
True
Is 6649 a multiple of 22?
False
Is 2317 a multiple of 30?
False
Is 714 a multiple of 17?
True
Is 148 a factor of 27528?
True
Is 15 a factor of 75?
True
Is 29 a factor of 16484?
False
Does 8 divide 15832?
True
Is 24288 a multiple of 22?
True
Does 25 divide 350?
True
Does 28 divide 20431?
False
Does 49 divide 196?
True
Does 2 divide 4655?
False
Is 14 a factor of 44949?
False
Is 7030 a multiple of 10?
True
Is 22 a factor of 1386?
True
Is 75 a factor of 900?
True
Is 55 a multiple of 5?
True
Does 10 divide 380?
True
Is 1161 a multiple of 88?
False
Is 14881 a multiple of 68?
False
Does 169 divide 3042?
True
Does 46 divide 8044?
False
Does 44 divide 1056?
True
Does 9 divide 3546?
True
Does 36 divide 2700?
True
Is 3288 a multiple of 12?
True
Does 3 divide 940?
False
Is 2455 a multiple of 36?
False
Is 23 a factor of 852?
False
Is 4128 a multiple of 32?
True
Is 32 a factor of 30941?
False
Is 8 a factor of 231?
False
Is 84 a factor of 3948?
True
Is 20 a factor of 391?
False
Is 1772 a multiple of 40?
False
Is 192 a factor of 45696?
True
Is 41 a factor of 1020?
False
Is 22 a factor of 29128?
True
Is 17 a factor of 68?
True
Is 932 a multiple of 13?
False
Is 1016 a multiple of 2?
True
Does 65 divide 325?
True
Is 204 a multiple of 17?
True
Is 760 a multiple of 19?
True
Is 22 even?
True
Is 32 a factor of 374?
False
Is 3276 a multiple of 12?
True
Is 2930 a multiple of 4?
False
Is 432 a multiple of 72?
True
Is 1892 a multiple of 25?
False
Does 112 divide 58868?
False
Is 72 a factor of 1374?
False
Does 22 divide 1936?
True
Is 18 a factor of 15954?
False
Is 10 a factor of 3368?
False
Is 1612 a multiple of 31?
True
Does 53 divide 2544?
True
Does 5 divide 760?
True
Is 347 a multiple of 66?
False
Is 440 a multiple of 5?
True
Is 32 a factor of 352?
True
Does 11 divide 23365?
False
Does 19 divide 38?
True
Is 23 a factor of 86?
False
Is 4124 a multiple of 15?
False
Does 5 divide 3100?
True
Does 55 divide 50763?
False
Is 461 a multiple of 8?
False
Is 39 a factor of 3276?
True
Is 6121 a multiple of 10?
False
Is 87 a factor of 3654?
True
Is 15 a factor of 5505?
True
Is 1650 a multiple of 15?
True
Does 30 divide 90?
True
Does 66 divide 5283?
False
Does 21 divide 525?
True
Does 4 divide 2783?
False
Does 76 divide 1904?
False
Is 5993 a multiple of 13?
True
Is 375 a multiple of 8?
False
Does 7 divide 644?
True
Is 8 a factor of 17456?
True
Is 75 a factor of 25725?
True
Is 3976 a multiple of 8?
True
Is 5538 a multiple of 39?
True
Is 54516 a multiple of 84?
True
Is 4983 a multiple of 151?
True
Is 474 a multiple of 8?
False
Is 1677 a multiple of 13?
True
Does 13 divide 66916?
False
Does 24 divide 1176?
True
Is 6447 a multiple of 13?
False
Is 224 a factor of 7388?
False
Does 5 divide 163?
False
Is 53 a factor of 4558?
True
Is 5 a factor of 1905?
True
Is 888 a multiple of 35?
False
Is 9324 a multiple of 11?
False
Does 27 divide 14538?
False
Is 71 a factor of 26696?
True
Is 16 a factor of 897?
False
Is 94 a multiple of 39?
False
Is 3124 a multiple of 44?
True
Is 7524 a multiple of 9?
True
Is 55 a factor of 1404?
False
Is 11 a factor of 342?
False
Is 18 a factor of 5220?
True
Is 37 a factor of 46769?
False
Does 36 divide 2652?
False
Does 21 divide 6005?
False
Is 10 a factor of 1105?
False
Is 38 a factor of 684?
True
Is 798 a multiple of 19?
True
Does 12 divide 312?
True
Is 197 a factor of 17641?
False
Is 5000 a multiple of 30?
False
Does 17 divide 1479?
True
Does 44 divide 7084?
True
Is 2998 even?
True
Is 171 a factor of 40014?
True
Is 2 a factor of 312?
True
Does 58 divide 28941?
False
Does 48 divide 1856?
False
Does 16 divide 2038?
False
Is 51955 a multiple of 7?
False
Does 82 divide 73390?
True
Is 40 a factor of 2258?
False
Is 5385 a multiple of 110?
False
Is 38 a factor of 38126?
False
Is 3162 a multiple of 34?
True
Is 31 a factor of 5489?
False
Is 11 a factor of 1829?
False
Does 36 divide 1080?
True
Is 6 a factor of 509?
False
Does 11 divide 5457?
False
Is 22 a factor of 894?
False
Is 16 a factor of 309?
False
Is 2088 a multiple of 88?
False
Is 9 a factor of 2052?
True
Is 4 a factor of 2204?
True
Is 12178 a multiple of 5?
False
Is 4 a factor of 392?
True
Is 2962 a multiple of 25?
False
Does 82 divide 16237?
False
Is 6757 a multiple of 10?
False
Is 11852 a multiple of 21?
False
Is 15040 a multiple of 41?
False
Is 6 a factor of 947?
False
Is 6 a factor of 36?
True
Is 78 a factor of 22349?
False
Does 82 divide 3997?
False
Is 168 a factor of 96432?
True
Is 2 a factor of 3253?
False
Is 890 a multiple of 21?
False
Is 273 a multiple of 17?
False
Does 10 divide 15266?
False
Is 279 a multiple of 7?
False
Is 19 a factor of 505?
False
Is 2751 a multiple of 131?
True
Is 737 a multiple of 67?
True
Does 23 divide 759?
True
Is 163 a multiple of 3?
False
Is 29 a factor of 77686?
False
Is 2325 a multiple of 19?
False
Is 10 a factor of 90?
True
Is 5 a factor of 240?
True
Is 13 a factor of 399?
False
Is 34 a multiple of 2?
True
Is 143 a multiple of 12?
False
Does 93 divide 